k) be the third derivative of 1/12*k**4 + 1/60*k**5 + 1/6*k**3 + 0 + k**2 + 0*k. What is i(2)?
9
Let c(s) = s**3 - s + 8. Let j(u) = -u**2 + 6*u - 4. Let q be j(5). Let z be (-2)/(-2*q)*-2. Let k be (z + (0 - -2))/2. What is c(k)?
8
Let p(q) be the first derivative of 0*q - 1 - 3*q**3 + 1/2*q**2. Let z be (-14)/(-10) - 14/35. What is p(z)?
-8
Suppose 4*q - 16 = -0. Let v(u) be the first derivative of u**4/4 - 2*u**3 + 5*u**2/2 + 2*u - 42. Determine v(q).
-10
Let x be -2*(6/4 - 1). Let o(s) = s**2 + s + 1. Let d(p) = 8*p**3 + p**2 + 3*p + 2. Let q(j) = -d(j) + o(j). Give q(x).
9
Suppose 13*t + 1 = 14*t. Let s(g) be the first derivative of -t + 4*g - 1/4*g**4 + 0*g**3 - 1/2*g**2. What is s(0)?
4
Let m(a) be the second derivative of a - 1/60*a**5 + 0*a**4 + a**2 + 0 + 0*a**3 - 1/120*a**6. Let c(p) be the first derivative of m(p). Calculate c(0).
0
Let z(s) = -s**2 + s + 4. Let y(x) be the third derivative of 0 - 1/6*x**3 - 3*x**2 - 1/6*x**4 + 0*x. Let t be y(-1). What is z(t)?
-2
Let i(s) = -s**2 - 6*s + 1. Let l be (-1)/(-3*(-1)/15). Determine i(l).
6
Let p(k) = -2*k - 1 + 4*k - 3*k + k**2. Let w(i) = 5*i - 41. Let n(q) = -3*q + 27. Let r(y) = -8*n(y) - 5*w(y). Let s be r(-9). Give p(s).
5
Let i(q) = q**2 + q. Suppose 31 = -4*o + 7. Let v(x) = 7*x**2 + 6*x. Let w(k) = o*i(k) + v(k). Give w(0).
0
Let n(w) = -2*w - w - 1 + 3. Suppose 0 = -11*y - 25 + 69. Give n(y).
-10
Let s(w) = -w - 8. Let d = 3 + -9. Let u be s(d). Let r(m) = -2*m**2 - 2. What is r(u)?
-10
Let p(x) be the first derivative of x**3/3 - 3*x + 11. Determine p(0).
-3
Let q(l) be the third derivative of -l**4/24 + l**3/6 - 6*l**2. What is q(-4)?
5
Let q = -35 + 34. Let b(f) be the third derivative of 1/8*f**4 + 0 + 1/6*f**3 + 0*f + f**2. Determine b(q).
-2
Let c(r) = 2*r - 3. Let k(w) = -w - 1. Let s be k(-4). Suppose -s*b - 2*b - 5*z + 30 = 0, 4*b = 4*z + 8. What is c(b)?
5
Let i(q) = 2*q**3 + 5*q**2 + 9*q + 2. Let a(c) = 6*c**3 + 15*c**2 + 26*c + 6. Let d(x) = 4*a(x) - 11*i(x). What is d(-3)?
-22
Let v(c) = -c - 2. Let i(m) = m**2 - m - 3. Let j(b) = -3*i(b) + 5*v(b). Give j(-1).
-2
Let j(v) = 4*v + 7. Let a(y) = 5 - 4 - 2 - y. Let p(w) = 5*a(w) + j(w). Let i be p(0). Let g(x) = x**3 - x**2 + 3*x - 2. Give g(i).
8
Let d = 1 - -2. Suppose -4*n - 10 = 6. Let k = d + n. Let v(p) = -2*p**3 - p. Determine v(k).
3
Let h(m) = 2*m - 10. Suppose -3*t + 35 = -4*w, 7*t = -2*w + 4*t + 5. Let a(g) = g - 5. Let r = 16 - 14. Let z(k) = r*h(k) + w*a(k). What is z(5)?
0
Suppose 0*w = 4*w - 12. Let z(u) = -2*u - 2*u**3 - 3*u**3 + 4*u**w + 1 - 4*u**2. Suppose -4 - 5 = 3*r. Calculate z(r).
-2
Let n(a) = -a**3 - 5*a**2 - 3*a + 2. Let c(j) = j**2 - 9*j + 8. Let y be c(9). Suppose -2*b + 0*b - y = 0. What is n(b)?
-2
Let m(s) be the third derivative of -s**4/24 + 2*s**3/3 - s**2. Suppose 2*a = 3*a. Suppose 8 = -2*g - a*g. What is m(g)?
8
Let s(g) = -4*g**2 - 1 + 3 - 3*g + 1 - g**3. Let z(n) = -n**2 + 4*n - 4. Let q be z(3). Let f = q + -2. Determine s(f).
3
Let v be (-5)/20 - (-17)/4. Let r(z) = -z**2 + z - 3. Give r(v).
-15
Let h(n) = n**3 - n**2 - 26. Let y = -158 + 158. Give h(y).
-26
Let f be 102/14 + (-6)/21. Let b be (-1)/1*1 + -4. Let j = f + b. Let w(v) = -v**2 + v + 1. Calculate w(j).
-1
Let c(s) be the second derivative of s**3/6 - 3*s**2/2 - s. Let x(b) be the second derivative of -b**3/3 + 15*b**2/2 + 2*b. Let i be x(10). What is c(i)?
-8
Suppose 3*k - 3 = 3. Let o(l) = 2 + l**k + 5*l + l + 5 - 3. Calculate o(-6).
4
Let g(k) be the first derivative of -2*k + 0*k**2 + 2 - 1/3*k**3. Let c(l) be the first derivative of g(l). What is c(-4)?
8
Let i(z) = z**3 - 2*z**2 - 3*z + 3. Let x be i(2). Let w(c) be the third derivative of -c**6/120 - c**5/30 + c**4/6 + c**2. What is w(x)?
-3
Let q(l) = -l**3 - 6*l**2 - 2*l - 7. Let n(w) = -2*w - 13. Let d be n(-9). Suppose 2*u = d + 1. Suppose 0 = -u*m - 4 - 14. Determine q(m).
5
Let l(b) = -b**2 - b + 12. Let p(i) = -i. Let a(v) = l(v) - 2*p(v). Let d(z) = 6*z. Let r be d(1). Let y = -6 + r. What is a(y)?
12
Let l = 4 - 6. Let q be (1 + l)*6 - -1. Let c(i) = i**3 + 6*i**2 + 4*i - 6. Give c(q).
-1
Let a(p) = 1 - 3 + 3*p - 5*p. Let r be a(-4). Suppose -2*f + 0 = -r. Let j(z) = z**3 - 6*z**2 + 5*z - 2. Give j(f).
-14
Let m be ((-6)/4 + 0)*-4. Let j(n) be the first derivative of n**4/4 - 2*n**3 + n**2/2 + 4*n - 3. Give j(m).
10
Suppose y = 2*z - 5, -2*z + 0*y + 6 = -2*y. Let t(c) = 5 + z*c - 5 - 3*c - 1. Let a = 15 - 11. Calculate t(a).
-5
Let a(j) be the first derivative of -j**2/2 + 2*j + 2. Let c be a(1). Let h = c - -1. Let g(s) = s - 1. Give g(h).
1
Let x(m) = m - 5. Let f(z) = -z + 11. Let r(o) = -2*f(o) - 5*x(o). Determine r(3).
-6
Let n = 22 + -17. Let a(q) = -q**2 + 4*q - 5. Give a(n).
-10
Let n(r) = -r**3 + 4*r**2 + 8*r - 10. Let t be n(5). Let o(k) = k + 2. Determine o(t).
7
Suppose s + 4 = 7, -3*z - 5*s + 24 = 0. Suppose -2*x + 4 = -z*x. Let m(v) = v**2 + 7*v + 7. Let t(o) = o + 1. Let p(c) = m(c) - 4*t(c). What is p(x)?
7
Let r(y) = 9*y**3 - 2*y**2 + 1. Let p = -3 - -8. Suppose 6*s + p = s. What is r(s)?
-10
Let k(g) = 3*g - 12. Let p be k(4). Let u(l) = -l**3 - l + 15. Determine u(p).
15
Let n(j) = 204*j - 103*j - 1 - 115*j. What is n(1)?
-15
Let l(a) = -a**2 + 9. Let t be l(0). Let g = 13 - t. Let h(u) = -u + 7. Determine h(g).
3
Let v(m) = 2*m + 0*m - m - 2. Let h(a) = a - 4. Let g(d) = d**3 - 10*d**2 + 9*d + 4. Let j be g(9). Let q be h(j). Give v(q).
-2
Let w(n) be the second derivative of -n**5/20 + n**4/4 + 2*n**3/3 - n**2 - 29*n. Give w(4).
-2
Let p(t) be the second derivative of t**8/6720 + t**7/504 + t**6/144 - t**5/120 - t**4/3 - 6*t. Let o(g) be the third derivative of p(g). Determine o(-4).
-5
Let a(g) be the first derivative of 5*g**2/2 + 6*g - 3. What is a(-4)?
-14
Let n(t) be the first derivative of t**4/2 + t**3 - 2*t**2 - 5. Determine n(-3).
-15
Let d(r) be the third derivative of r**4/12 + 5*r**3/6 + 18*r**2. Give d(-5).
-5
Suppose -2*l - v + 54 = 0, 4*l - 2*v - 2*v = 108. Let n be ((-4)/6)/(3/l). Let w(a) = -a**2 - 5*a + 8. What is w(n)?
2
Let r(z) = z**3 - 5*z**2 - z + 5. Let t(g) = -2*g**2 + 2*g. Let b be t(-2). Let k = 32 + b. Suppose 2*x - k = -2*x. Determine r(x).
0
Let x(h) = 3*h**2 - h + 1. Let g be 1 - 2/(-1 - 1). Suppose 0 = 3*l + 16 + 14. Let p be g/l - 12/(-10). Give x(p).
3
Let l(s) = s**2 + 2*s. Let v = -5 - -5. Suppose -c + v - 2 = 0, -j - 2*c - 6 = 0. Give l(j).
0
Let v(r) = 20*r**2 + 29*r. Let y(b) = b - 1. Let t(c) = 7*c**2 + 4*c + 6. Let g(l) = -t(l) - 6*y(l). Let a(u) = -17*g(u) - 6*v(u). What is a(-5)?
-5
Let l(s) = -s - 1. Suppose 3*f = 3 + 6. Suppose 3*u - 5*q = -30, -10 = -f*u + 8*u + 5*q. Give l(u).
4
Let k = 72 + -66. Let q(f) = f - 5. What is q(k)?
1
Let j(c) be the third derivative of -5*c**4/24 + c**3/6 + 5*c**2. Determine j(1).
-4
Let m(u) = 5 + u - 3 - 1. Suppose 19 = -3*w - 5*s, -w + 6*w + 3*s + 5 = 0. Give m(w).
3
Let c(u) = 0*u + 0 + 3 - u - 2. Let m be c(5). Let f(r) = 2*r - 1. Give f(m).
-9
Suppose 3*b = 0, -4*l - 4*b - 4 = 4. Let g = 5 + -3. Let n(d) = -3*d**2 + g*d**2 + 2 - 1 - d. Determine n(l).
-1
Let p(h) = -8 + 2*h - h + 0*h + 5. Determine p(5).
2
Let u(t) = 2*t - 4*t - 1 - 2*t + 4. Let l(b) = b - 6. Let w be l(10). Suppose 4*h - 2*h = -4*g + 16, w*h = -g + 18. Give u(g).
-5
Let y(p) = -p**3 + 3*p**2 + 2*p + 4. Let z = -25 + 30. Suppose -r = z*a - 4 - 18, a + 4 = 4*r. Determine y(a).
-4
Let s(c) = c**2 + 6*c + 4. Let p = 1 + -5. Let n be ((-1)/(-2))/(p/8). Let v(h) = 4*h**3 + h**2 + h + 1. Let i be v(n). Calculate s(i).
-5
Let a be (-8)/20*-5 - 0. Let h(j) = 3*j + 1 + 0 + j**a - 6*j - 2. What is h(4)?
3
Let u(y) = y**2 - 4*y + 3. Let d be u(3). Suppose 5*c - c - 12 = 0. Let f(v) = v**3 + v**2 - 2 + c - 5. What is f(d)?
-4
Let n(i) = 4*i**2 + 9*i + 3. Let o = 3 + -2. Let w(l) = l**2 + l. Let k(h) = o*n(h) - 5*w(h). Let y = 15 + -10. What is k(y)?
-2
Let z = -10 - -9. Let t(w) = -6*w + 2. Let h(f) = 7*f - 3. Let a(n) = -2*h(n) - 3*t(n). Calculate a(z).
-4
Let z be 3 - 0 - (-5 + 3). Let o(p) = p**2 - 7*p + 7. Determine o(z).
-3
Suppose 5*g - 3*o = 0, 0 = -0*o - 4*o + 20. Let f(v) = -4 + 0 + g - v. Determine f(-3).
2
Let b(z) = -z**3 - 7*z**2 - 7*z - 3. Let x(g) = -1. Let t(h) = b(h) - x(h). Let d be (0 + -3 - -1)*3. What is t(d)?
4
Let f(x) = -x**2 - 10*x - 5. Let m be f(-9). Let s(p) 